 + 4*f - 16. Calculate the remainder when m(-6) is divided by 40.
28
Let j(k) = k**2 + 2*k + 7. Let p be j(-6). Let w = 41 - p. Calculate the remainder when 57 is divided by w.
7
Let g(s) = s**3 + 12*s**2 + 11*s - 4. Let h be g(-11). What is the remainder when 76 is divided by (h - -3) + 28 + -1?
24
Let m = 490 + -457. Let i be (8/(-12))/(2/(-9)). Suppose -i*w + 14 = 5*t - 67, -4*t + 75 = -w. What is the remainder when m is divided by t?
15
Calculate the remainder when 0 + -183*(-5)/15 is divided by 3.
1
Let f(c) = 5*c**2 + 3*c - 2. Let p(l) = -9*l**2 + 3*l. Let z be p(2). Let x = z + 42. Calculate the remainder when f(-3) is divided by x.
10
Let l be 114/21*3*7. Let s(a) = 13*a**3 + a**2 - 3*a + 2. Calculate the remainder when l/(-4)*4/(-3) is divided by s(1).
12
Let w = 27 + -23. Suppose -5*a + 28 = -w*u - 72, 5*a + 2*u = 70. What is the remainder when a is divided by 10?
6
Let g be (-6)/(-3)*-1 - -6. Suppose -1 - 125 = -3*s. What is the remainder when s/8 + (-1)/g is divided by 2?
1
Suppose 4*h - 3*m - 483 = 1871, 4*m + 1762 = 3*h. What is the remainder when h is divided by 16?
14
Suppose 0 = n + 2*q - 35, 4*n + 4*q - 166 + 42 = 0. Calculate the remainder when 49 is divided by n.
22
Let z be (1/3)/(5/30). Suppose -4*y = 16, 0 = 3*s + s - z*y - 100. Let d = -14 - -80. What is the remainder when d is divided by s?
20
Suppose -505 = 12*z - 17*z. Suppose -8*l + z = -7*l - 4*g, -5*l = -g - 543. Calculate the remainder when l is divided by 14.
11
Suppose 0*g - 5*g = -2*d + 25, -2*d + g = -29. Suppose -6*p = -4*p + 236. Let n = 177 + p. What is the remainder when n is divided by d?
14
Suppose m = -t + 81, -5*m - 3*t + 413 = -2*t. Calculate the remainder when m is divided by 22.
17
Suppose -2*r = 7*r - 540. Let w = r - 35. Calculate the remainder when 70 is divided by w.
20
Suppose -57*h + 68*h = 836. Calculate the remainder when h is divided by 13.
11
Let f(s) = -s**3 - 5*s**2 - 2*s - 7. Let n be f(-5). Suppose n*x + 1 = 19. What is the remainder when 27 is divided by x?
3
Let q = 593 - 582. What is the remainder when 153 is divided by q?
10
Let h(m) = m**2 - 23*m + 4. What is the remainder when 11 is divided by h(0)?
3
Let a(b) = -b**2 - 3*b + 12. Let d be a(5). What is the remainder when (-210)/d*16/3 is divided by 7?
5
Let q = 4 + -4. Suppose z + 2*p - 113 = 0, -z - 5*p - 7 + 117 = q. Suppose 5*m - z = -0*m. Calculate the remainder when m is divided by 13.
10
Suppose -127 - 53 = -12*m. Let s(i) = 16*i - 2*i + 4 - 3. What is the remainder when s(2) is divided by m?
14
Let f(x) = x. Let m(y) = -5*y**2 + 4*y + 2. Let a(c) = 3*f(c) - m(c). Let u = 74 + -44. What is the remainder when u is divided by a(2)?
14
Let m(d) = 8*d**3 - 136*d**2 + 10. Let p(h) be the third derivative of h**5/60 - h**4/8 - 7*h**3/6 + h**2. What is the remainder when m(17) is divided by p(5)?
1
Suppose -2 = 3*n + 7, 0 = 3*r + n + 6. Calculate the remainder when 17 + -20 - 1/((-1)/91) is divided by 19 + (-1)/r + -2.
16
Let n be (-4)/3*6/(-4). Suppose 7*d = n*d + 130. What is the remainder when (16/(-20) - -5)/(12/140) is divided by d?
23
What is the remainder when (-210)/8*(-324)/243 is divided by 9?
8
Let z(s) = 9*s - 9. Suppose -6*f + 2*f + 396 = 0. Suppose 5*p - 3*i = i + f, 0 = -p - 4*i + 39. Calculate the remainder when z(11) is divided by p.
21
Let x(p) = p + 4. Let t be x(5). Suppose 3*h + 28 = k, 0 = k + h - t - 7. Let f = 2 + 34. What is the remainder when f is divided by k?
17
Let o(q) = -q**2 - 3*q + 12. Let z be o(-5). Suppose -z*l - 16 = -6*l. What is the remainder when 17 is divided by l?
1
Let z = 65 + -59. Suppose z*f - 10*f + 572 = 0. Calculate the remainder when f is divided by 18.
17
Suppose l = -5*j + 35, -2*l = 4*j - l - 29. Suppose -j*u = -29 - 31. Let s(v) = 28*v**2 + 2*v - 1. What is the remainder when s(1) is divided by u?
9
Suppose -2*a - 74 = -4*a. Let y = -25 + a. Calculate the remainder when 42 is divided by 45/4 - 3/y.
9
Suppose -y - 5*k + 36 = 0, 2*y - k - 10 = 29. What is the remainder when 93 is divided by y?
9
Suppose -3*j = 5*w + j - 567, -3*w = 5*j - 348. What is the remainder when w is divided by 8?
7
Let l(p) = p**3 - 4*p**2 - 4*p + 6. Let w be l(4). Let t = w + 18. What is the remainder when -10*(-21)/(-210) - (-32 + 1) is divided by t?
6
Let x = 2080 + -1483. What is the remainder when x is divided by 43?
38
Suppose -4*x - 35 + 303 = 0. Let g = -970 + 982. What is the remainder when x is divided by g?
7
Let h = 10 + -112. Let i = 134 + h. Calculate the remainder when i is divided by 17.
15
Let o(l) = l + 17. What is the remainder when 61 is divided by o(-1)?
13
Suppose 6*b = 16*b - 790. What is the remainder when b is divided by 30?
19
Let o(v) = -v**3 - 7*v**2 - 11*v - 7. Let n be o(-6). Suppose 9 = -a + n. What is the remainder when 26 is divided by a?
12
Suppose -2*j = -10 + 6. Suppose 3*w = -4*q + 61, -3*q = 2*w + j*w - 44. What is the remainder when 31 is divided by q?
15
Let l = -11 - -16. Let h be l + (-6 - (-4)/1). Suppose 3*s + h*b + b - 35 = 0, 0 = s - b - 21. Calculate the remainder when 67 is divided by s.
16
What is the remainder when 194 is divided by (2 + -3)*((-2 - 2) + -30)?
24
Let b(c) = -24*c**2 - 2*c**3 + 3 - 23*c**2 + 4*c + 44*c**2. What is the remainder when 52 is divided by b(-3)?
16
Suppose 0 = -y - 2*r + 11, -3*y + r = -5 - 56. What is the remainder when 374 is divided by y?
13
Let j = 91 - 56. Suppose -1 = -2*c + 11. Let x = c + 6. Calculate the remainder when j is divided by x.
11
Suppose -u - u + 5*h + 31 = 0, 3*u - 3*h = 24. What is the remainder when u + -5 + (-100)/(-1) is divided by 11?
10
Suppose 3*d + 4*p - 12 = 0, -4*p - 16 = -4*d - 6*p. Calculate the remainder when 23 + (-2 + 4 - -2) is divided by d.
3
Suppose -8 = -4*i + 8. Suppose 0*h - 3*b = 3*h, -h - i*b = 0. What is the remainder when 3/((-9)/(-114) + h) is divided by 13?
12
Let m(v) = -v**3 + 11*v**2 + 7*v + 20. Let k be m(12). Let y = -32 - k. Let w(z) = -z**2 + 9*z + 2. Calculate the remainder when w(4) is divided by y.
6
Suppose 133 = -16*a + 23*a. Calculate the remainder when 95 is divided by a.
0
Let v(u) be the first derivative of -u**4/4 + 5*u**3/3 - 2*u**2 + 2*u - 1. Suppose 3*l - 61 = -55. Calculate the remainder when 23 is divided by v(l).
5
Let t(o) = o - 1. Let n be t(4). Suppose -19 = -n*l - 1. Suppose f + 24 = 3*k + l*f, -4*k = -5*f + 3. What is the remainder when 4 is divided by k?
1
Suppose -3*j + 12 = -3. Calculate the remainder when ((-10)/(-20))/((-2)/(-16)) + j is divided by 2.
1
Let j(k) = -14*k + 8. Let l be j(4). Let s be (-2)/7 - l/21. Suppose q - 270 = -s*q. Calculate the remainder when q is divided by 23.
21
Let b(v) = -v**3 + 25*v**2 - 26*v - 17. Let h be b(24). Let c = 94 + h. Let a = -96 - -211. Calculate the remainder when a is divided by c.
28
Suppose 7*q + 1840 = 30*q. Calculate the remainder when 717 is divided by q.
77
Suppose 2*u + 3*q = -11, 11 = -3*u - 3*q + 2. Let z = -11 - 2. Let c = u - z. Calculate the remainder when 29 is divided by c.
14
Suppose 3*y - 191 + 35 = 0. Let c = -26 + 45. Calculate the remainder when y is divided by c.
14
Let t(b) = -b**2 + 7*b - 1. Let p be (3 - -1)*(-9)/(-6). Let a be t(p). Suppose -4*g + a*g = 5. What is the remainder when 8 is divided by g?
3
Let i(f) = 4*f + 6. Let y be i(6). Suppose -r = 4*r - y. Suppose -6*k + r = -0*k. What is the remainder when 3 is divided by k?
0
Let n = 0 + 6. Let j(q) = 3*q**2 + 94*q + 792. Calculate the remainder when j(-15) is divided by n.
3
Suppose 3*o = -5*l + 35, -o = -3*l - 0*l + 35. Calculate the remainder when 11/((-11)/(-57)) - (1 + 1) is divided by l.
5
Suppose -244 = 80*l - 84*l. Calculate the remainder when 604 is divided by l.
55
Let u be 31/(-2)*(-9 + 7). Suppose u = -4*l + 287. What is the remainder when l is divided by 28?
8
Let q be 1 - (-1 + -8 - -4). Let z(l) = l**2 - 4*l - 3. Calculate the remainder when 42 is divided by z(q).
6
Let d be 32/(-18) + 62/(-279). What is the remainder when 4/(-6)*5*-3 is divided by (d + 30/(-9) + 3)*-3?
3
What is the remainder when (-2 - -11)/(18/12) is divided by 1 + 6 + (19 + -5 - 16)?
1
Let w be (-1)/((4/(-2))/(-20)). What is the remainder when 19 is divided by w/(-1) - (-20)/(-5)?
1
Let m(b) be the third derivative of 11/12*b**4 + 1/3*b**3 + 0 - b**2 + 0*b. What is the remainder when m(1)